3
Let o(x) = 23*x - 3. Let p be o(1). Calculate the greatest common divisor of 30 and p.
10
Let h(b) = 10*b + 24. Let x = -67 - -75. Let a be h(x). Let u(y) = 2*y + 3. Let v be u(5). What is the highest common factor of a and v?
13
Let a be ((-30)/4*2)/(18/(-12)). What is the highest common factor of 65 and a?
5
Let j(z) = -7*z**2 - z + 2. Let f be j(2). Let b be (-7)/(f/(-12))*-1. Suppose 7 - 34 = -b*p. Calculate the greatest common divisor of 3 and p.
3
Let r = -16 + 16. Let h be (-5)/((-20)/252) + r. Calculate the greatest common factor of h and 21.
21
Let t be (-105)/(-3) + -1*7*-1. Suppose 0 = 4*i + 3*w - 59 - 181, i - 2*w - 71 = 0. Calculate the greatest common divisor of t and i.
21
Suppose 28*q = -25*q + 1325. What is the highest common divisor of 45 and q?
5
Let x = 398 + -174. What is the highest common divisor of x and 56?
56
Suppose 556 = 7*o + 94. What is the greatest common factor of o and 231?
33
Suppose 0 = 5*d - 3*y - 301, -78*d + 3*y - 319 = -83*d. What is the highest common divisor of 217 and d?
31
Suppose 4*x = -5*h - 8 + 51, -5*h = x - 7. Calculate the highest common factor of x and 111.
3
Let r = 0 - 0. Let j(x) = x**2 + x - 3. Let f be j(2). Suppose r = -5*b + f*b + 18. Calculate the greatest common divisor of b and 45.
9
Let b(n) = 2 - 2*n + 0 + 0 + 3*n. Let z be b(8). Suppose 3*s = -s + 400. What is the greatest common divisor of s and z?
10
Let i = -17 + 19. Let t be (5 + -4)*i - -4. Let f = 28 + t. Calculate the greatest common factor of 85 and f.
17
Let i = -9 + 14. Suppose 0 = -w + 2*w + 3*f - 4, i*f = w - 28. Calculate the highest common divisor of 104 and w.
13
Let f be (-2)/(-5) + (-58)/(-5). Suppose 0 = -2*p + 6*p - 28. Let x be 14 + p/(28/(-8)). Calculate the highest common factor of f and x.
12
Suppose -5*c = -213 - 67. Let h be -4 - (-8 + (-4 - -7)). Let s = 15 - h. What is the highest common factor of c and s?
14
Let a = 15 + -128. Let h = -56 - a. Suppose -2*i + h = i. Calculate the greatest common divisor of i and 38.
19
Let g be 85 - ((-10)/15)/(4/(-24)). Calculate the highest common factor of 18 and g.
9
Let d be (3/(-6))/((-7)/(-1848)*-3). Calculate the highest common factor of 187 and d.
11
Let r = -6 + 8. Suppose 428 = r*q + 98. Suppose 3*x = -9, -5*l - 4*x - 17 = -80. Calculate the highest common divisor of q and l.
15
Suppose 0 = 2*w + g - 1545, 3588 - 486 = 4*w - 2*g. Let m = -549 + w. Calculate the greatest common divisor of m and 25.
25
Let j(k) = 12*k + 5. Let f be j(5). Suppose -q = -4*s, 2*s + f = 3*q + 15. Let z be -1 + 4 + (-2 - -3). Calculate the highest common divisor of z and q.
4
Let p be (-3)/(-15) - (-2307)/15. Let o be 5*(-1 + (-76)/(-20)). Calculate the highest common factor of p and o.
14
Let m = 66 + -21. Suppose -5*p - 14*u + 13*u + 2024 = 0, 2*u = -3*p + 1213. What is the greatest common factor of p and m?
45
Let p = -38 - -63. Let a be (-4)/32*16/(-2). What is the highest common divisor of a and p?
1
Let t = -77 + 189. Let o = 11 - 6. Suppose o*l - 60 = -2*g, -5*g + 10*g - 31 = -4*l. Calculate the highest common factor of l and t.
14
Suppose 0*d = -5*g - 2*d + 129, -2*g = d - 51. Calculate the highest common factor of g and 378.
27
Let u(v) be the third derivative of v**5/60 - v**4/24 + 11*v**3/6 - 5*v**2. Let y be u(8). Suppose y = 3*p - 29. What is the highest common divisor of 80 and p?
16
Let v = -1622 + 1658. Let y(b) = b**3 - 8*b**2 + 4*b + 3. Let m be y(7). Let c = m + 42. What is the greatest common factor of c and v?
12
Let d = -98 + 98. Suppose d*t - s = t - 17, 0 = 3*t + s - 41. What is the greatest common divisor of 192 and t?
12
Suppose 3*t - 232 = 4*s, t + s = 69 + 13. Let h be (0 - (6 + -4 + 0)) + 12. Calculate the greatest common divisor of h and t.
10
Suppose -2*w + 4 = 22. Let b be -2*w/(-6) - -14. Let a(k) = k + 16. Let v be a(-5). What is the highest common divisor of b and v?
11
Let u(y) = -3*y - 51. Let z be u(-26). Let i = 137 - 134. What is the highest common factor of i and z?
3
Suppose 0 = -0*n + 3*n + 12. Let y = 81 + -73. Let s = n + y. What is the greatest common factor of s and 8?
4
Let h(d) = 2*d - 1. Let p be h(6). Let i(t) be the second derivative of 43*t**3/3 + t**2 + 8*t. Let n be i(1). What is the highest common divisor of n and p?
11
Let r(j) = -36*j - 7. Let l be r(-7). Calculate the highest common factor of 343 and l.
49
Let w be (-158)/14 - 0 - 4/(-14). Let s(n) = n**2 + 12*n + 24. Let m be s(w). What is the greatest common factor of 91 and m?
13
Let j = 567 + -535. What is the greatest common divisor of 32 and j?
32
Suppose 0 = -c - 42 + 32. Let h be (-18)/c*(4 - -1). Suppose -7*l = -4*l - 3. Calculate the greatest common factor of h and l.
1
Let p = 656 + -369. What is the highest common divisor of p and 41?
41
Let k(y) be the third derivative of y**4/8 - 14*y**2. Let t(q) = -q**2 + 4*q - 3. Let u be t(2). Let b be k(u). What is the highest common factor of b and 9?
3
Suppose 0 = -11*u + 306 - 130. Calculate the highest common divisor of 6 and u.
2
Suppose -344 = 5*p - 13*p. Suppose 12*d - p = 137. What is the highest common factor of d and 60?
15
Let p = 2986 + -2116. What is the greatest common divisor of p and 58?
58
Let v(o) = -2*o + 4. Let q be v(6). Let w = -16 - q. Let r be 70/8 - (-6)/w. Calculate the highest common factor of 1 and r.
1
Let y(h) = -h**2 + 50*h - 547. Let c be y(19). Calculate the highest common factor of 840 and c.
42
Suppose n + n - 4*t = -24, -68 = 5*n - 2*t. Let o = n + 34. Suppose 2*y - 17 = -1. Calculate the highest common divisor of y and o.
4
Let y = -530 - -722. Calculate the greatest common factor of y and 3.
3
Let x be (-17)/(34/(-12)) - 4. Suppose -2*k - x*k = -5*c - 57, 3 = -3*c. What is the highest common divisor of 325 and k?
13
Let g(r) = -12*r + r**2 + 11 + 6*r**2 - 6*r**2. Let v be g(12). What is the highest common divisor of v and 121?
11
Let b be (18/3)/((-24)/(-392)). Calculate the highest common divisor of b and 637.
49
Let n(w) = w**3 - 5*w**2 - 5*w - 4. Let z be n(6). Suppose -4*s = -50 + z. Let h be 14/(-49) + (-340)/(-14). What is the greatest common divisor of s and h?
12
Suppose 0*a + 3*d = -3*a + 18, a - d + 2 = 0. What is the highest common factor of 17 and a?
1
Let h(q) = -q**2 + 2*q - 1. Let i be h(-2). Let u be (-48)/i*(3 + 3). What is the highest common factor of u and 32?
32
Suppose 2*s - 2 - 6 = 0. Suppose -i + 5 = -s. Calculate the highest common divisor of 72 and i.
9
Let o(v) = -v**3 + 12*v**2 + 7*v + 11. Let j be o(13). Let i = j - -131. What is the highest common divisor of i and 160?
32
Let q(h) = -h**3 - h - 2. Let b be q(-2). Suppose j = -y + 5*y - 2589, 3246 = 5*y + 2*j. Let x be (-7)/1*y/(-63). What is the highest common factor of x and b?
8
Let b be (-5236)/(-51)*12/8. What is the highest common divisor of b and 1001?
77
Suppose -33 = -3*j - 8*j. Suppose 4*n + n - 128 = -j*f, -2*n - 64 = -2*f. Calculate the greatest common factor of f and 108.
36
Let l = 27 - 16. Let t = l + 0. Suppose 0 = -j - 5*v + 53, 2*v - t = -4*j + 255. Calculate the highest common divisor of 17 and j.
17
Let v(r) = -2*r**3 - 2*r + r**3 - 2*r + 10*r**2 - 4*r + 5. Suppose 5*n - 19 = 26. Let y be v(n). What is the greatest common divisor of 70 and y?
14
Suppose 3*c + 2*x - 472 = 0, -4*x + 79 = -3*c + 557. What is the greatest common factor of c and 869?
79
Let q(x) = -8*x - 31. Let l be q(-8). Let z(j) = 5*j - 2. Let t be z(2). Let k be ((-22)/4)/((-4)/t). What is the greatest common divisor of k and l?
11
Suppose -3*i - 224 = -i. Let w = -76 - i. Suppose -3*f = -6*f + w. Calculate the greatest common factor of f and 108.
12
Let y(z) = z**3 - 21*z**2 - 18*z - 59. Let n be y(22). Suppose 5*o + v = 724, 4*v = o + 6*v - 143. What is the greatest common factor of n and o?
29
Let o be 4 + 16 + 12/(-66)*-11. Let a(x) = -x**3 - 4*x**2 + 5*x + 2. Let j be a(-5). Calculate the greatest common divisor of j and o.
2
Let o(p) = -p + 1. Let y(a) = -10*a + 6. Let f(t) = -2*o(t) + y(t). Let q be f(-3). What is the highest common factor of q and 140?
28
Suppose -64*p + 3055 = -17*p. Let s be (26/2)/((-1)/3). Let i = s + 65. Calculate the greatest common divisor of p and i.
13
Let v = 178 + -145. What is the greatest common divisor of 99 and v?
33
Suppose -64*c + 124 = 2*r - 69*c, -2*r - c + 124 = 0. What is